38. Let d be y(0). Let c = d + -13. Suppose -5*n = -0*n - c. What is the units digit of n?
5
Suppose 0 = -3*y - 0 - 21. Let g(t) = -t**2 + 15*t - 6. Let a be g(13). Let v = a + y. What is the tens digit of v?
1
Suppose 0 = -3*r + 7*r + 52. Let l = 34 + r. What is the tens digit of l?
2
Let i(x) = 0 + x**2 + 2 + 0. What is the tens digit of i(3)?
1
Suppose -b + 0*b + 5*v + 14 = 0, -2*v + 34 = 4*b. What is the units digit of 24 + (-1)/(3/b)?
1
Let r be (1 + -2 - 0)*0. Let n be (r + 1*-3)/(-1). Suppose -5 + 20 = n*d. What is the units digit of d?
5
Suppose -5*z = -3*f - z + 1, -3*z + 9 = f. Let d be (f/(-3) - 0)/1. What is the units digit of d/(1 - 6/4)?
2
Let x = -13 - -13. Let c(t) = -4*t + 5. Let l(r) = r. Let p(b) = c(b) + 5*l(b). What is the units digit of p(x)?
5
Suppose 2*b = 4*o - 0*b + 34, -2*b - 14 = 4*o. Let n = o + 10. What is the units digit of 1/n - (-70)/8?
9
Let b = -449 + 630. Suppose -b + 25 = -4*v. What is the units digit of v?
9
Let l(z) = -z**2 - 8*z + 6. Let v be l(-8). Suppose g + 4*c = 25 + v, 2*g - 2*c - 12 = 0. Let y = g - 8. What is the units digit of y?
3
Suppose -3*a = -9, 64 + 137 = 5*m - 3*a. What is the units digit of m?
2
Suppose 4*o - 3*i + 9 = 5*o, -2*i + 19 = 5*o. Suppose 4*a - o*l = -9 + 2, -3*a + 4*l = 7. What is the units digit of 34/4 + a/(-2)?
9
Let b(c) = -2*c - 2. Let q(x) = -x**3 + 4*x**2 - 3*x + 5. Suppose 4*h + 3*m - 24 = m, -4*h + 3*m = -4. Let n be q(h). What is the tens digit of b(n)?
1
Suppose 2*s = 4*w + w - 10, 0 = 3*s - 15. Suppose -4*z = -6 - 2. Let r = w - z. What is the units digit of r?
2
Let g(z) be the first derivative of -z**4/4 + 2*z**3 - z**2 - 2*z - 1. What is the tens digit of g(4)?
2
Let w be (-4)/10 + 69/(-15). Let l(j) = j**2 + 4*j + 4. What is the units digit of l(w)?
9
Suppose 2*t - 3*p = 5, -2*p + 14 = 2*t + 4. Suppose 3*d + 0 - 9 = -4*n, 0 = -3*n - 3*d + 9. Let m = t + n. What is the units digit of m?
4
Suppose t - 16 = -3*o, 3*t + 2*t - 3*o - 116 = 0. Suppose -4*k + 61 = 3*d, -4*k + t = 4*d - 54. What is the tens digit of d?
1
Suppose 56 - 14 = 2*c. What is the tens digit of c?
2
Let x be 4*(9/3)/3. Suppose 3*u = x*u - 14. Let c = u - 8. What is the units digit of c?
6
Let u(c) = c + 21. What is the units digit of u(23)?
4
Suppose 3*g + 4*f - 542 = 0, -2*g + g - 5*f = -166. What is the hundreds digit of g?
1
Let a(m) = -57*m. What is the tens digit of a(-1)?
5
Suppose 6*j - n + 12 = 2*j, 0 = 3*j - n + 9. Let h = j - -6. Suppose -b - h = -9. What is the units digit of b?
6
Let z(c) = -c**2 + 26*c - 8. What is the tens digit of z(23)?
6
Suppose 0 = -4*r - 4*a + 884, 3*r = a + 537 + 106. What is the hundreds digit of r?
2
Let d(h) = -h**2 + 3*h + 2. Let m be d(2). Suppose -m = 2*r - 22. What is the units digit of r?
9
Suppose 2*c = 52 - 2. Suppose c + 15 = -4*t - 4*o, 0 = 3*t - 5*o + 6. Let l(k) = -2*k - 7. What is the units digit of l(t)?
7
Suppose -9 = -3*y - 3. Suppose 0 = 3*v - 4*v + r + 3, 0 = -5*v + 2*r + 24. Suppose -q = y*q - v. What is the units digit of q?
2
Let k(a) = a**2 - 17*a - 30. What is the tens digit of k(22)?
8
Let a = -1 - -3. Suppose -o + 21 = 5*s, a*o - 24 = -5*s - 2. Let r = o + 0. What is the units digit of r?
1
Let f(n) = -n**2 - n + 5. Let r be f(4). Let j = r + 9. What is the units digit of 32/(-6)*j/4?
8
Suppose 5*d - 16 = d. Suppose d*x - 5*s = 64 - 3, 3*x - 3*s - 45 = 0. Suppose -3*j + 26 = -l + 3*l, l + j - x = 0. What is the units digit of l?
6
What is the units digit of ((-3286)/(-14))/1 - (-44)/154?
5
Let v = 0 - 0. Suppose 0 = 2*c + d - 137, -3*c - d - d + 204 = 0. Suppose v = 6*b - b - c. What is the tens digit of b?
1
Suppose -2*i = -6*i + 144. Suppose 4*r - r = i. What is the tens digit of r?
1
Suppose c = -4*c + 970. What is the units digit of c?
4
Suppose -125 = -2*v + 5*g, 0 = -5*v + 2*g - g + 278. What is the units digit of v?
5
What is the tens digit of 9/(-15) - (-3504)/15?
3
Let v(g) = -1 - 1 + 0*g**2 - 5*g - g**2. Let r be v(-4). Suppose -r*p - 14 = -4*p. What is the units digit of p?
7
Let s = -24 - -24. Suppose -5*k = -s*k - 190. What is the tens digit of k?
3
Let s = -12 + 22. Suppose -v + s + 6 = 0. What is the units digit of (v/(-12))/((-2)/12)?
8
Let w(d) = -d**3 + d + 1. Let g be w(0). What is the units digit of (g*-2)/(3 - 5)?
1
Suppose 5*i + 3 = 5*q + 48, i - 5*q - 21 = 0. What is the units digit of i?
6
Let n(z) = z. Let v be n(-10). Let r = -7 - v. What is the units digit of (2 + (-13)/r)*-3?
7
Let i = 34 + 61. What is the tens digit of i?
9
Let f(q) = q**3 + 4*q**2 - 7*q - 12. Let d be f(-6). What is the units digit of ((-1288)/d)/((-2)/(-3))?
6
Suppose -9 = 3*b - 6*b, 2*w + 5*b - 237 = 0. What is the hundreds digit of w?
1
Let i(q) = q**2 - q - 1. Let j be i(-2). Let d(k) = 2*k**2 - 4*k - 21. Let f(y) = y**2 - 2*y - 10. Let l(s) = j*f(s) - 2*d(s). What is the units digit of l(6)?
6
Let y(v) = 7*v + 2. What is the tens digit of y(2)?
1
Let t(n) = n**2 + 6*n + 6. Let z be t(-2). Let s = 14 - z. What is the units digit of s?
6
Suppose 0 = -g + 5 - 1. Suppose 3*a + 2*q = 0, 2*q + 0*q + 6 = 0. Let u = g - a. What is the units digit of u?
2
Let b(v) = 90*v**2 + 6. What is the units digit of b(2)?
6
Suppose -4*a + 4*g + 64 = 0, 3*a + g + g - 63 = 0. What is the units digit of a?
9
Let d = 26 + -18. Let j = 0 + d. What is the units digit of j?
8
Suppose 5*m + 0*m = 55. Suppose -a + 10 = 4*a. Suppose -d - m = -a*d. What is the tens digit of d?
1
Let z be -6*((-16)/(-6))/4. Let a = 15 + z. What is the tens digit of a?
1
Let f(a) = 2*a**2 + 2*a - 2. Suppose 2*n - 28 = -5*n. What is the units digit of f(n)?
8
Let j = 10 - -21. What is the units digit of j?
1
Suppose -2*a = 4, -2*w + 5*a + 13 = -w. Suppose k - 175 = 3*s, 0 = -3*s + w*k - 158 - 13. What is the units digit of (-4)/(-16) + s/(-4)?
5
Suppose -3*b - 2*r + 8 = -b, -11 = -2*b - 5*r. Suppose -72 = -5*p - 4*i + 27, b*i = -p + 22. What is the tens digit of p?
1
Suppose 4*h + 9 - 101 = 4*d, 4*h - 5*d = 95. What is the units digit of h?
0
Suppose w - 4*w = 5*z - 1040, -2*w = 4*z - 694. What is the hundreds digit of w?
3
Let w(a) = a**3 + 3*a**2 - 2*a + 1. Suppose -n = y + n + 8, n - 5 = -5*y. What is the tens digit of w(y)?
1
Suppose -5*x - 2*c = -571, 4*c = -4*x - 0*c + 464. What is the hundreds digit of x?
1
Let i(c) = 8*c**3 + 1. Let f be i(1). What is the units digit of (-6)/f - 52/(-6)?
8
Let q = 15 + -9. Let n be (-4)/q*(-3 - 0). Suppose n*j - 21 = -j. What is the units digit of j?
7
Suppose d = -d + 12. What is the tens digit of 66/(-4)*d/(-9)?
1
Suppose -2*t = 3*t - 10. Suppose t + 20 = -b. Let o = 34 + b. What is the tens digit of o?
1
Suppose 3*o + 3*d - 45 = 0, 3*o - d - 14 = 31. What is the tens digit of o?
1
Suppose -3*l = 2 - 14. Suppose 4*w + 5*n - 34 = -5, 0 = -w + n - l. What is the units digit of w?
1
Let t = -5 + -1. What is the units digit of (-3)/t + (-1)/(-2)?
1
Let h = -6 + 23. What is the units digit of h?
7
Let d be (84/(-6))/((-2)/10). Let i be (-376)/(-7) - (-20)/d. Let y = i + -38. What is the tens digit of y?
1
Suppose 0*n = 5*n + 2*j - 11, 0 = 2*n - 2*j - 10. Let s = 1 + n. Suppose -s*p + 31 = -3*p + 5*v, -5*p - 5*v + 75 = 0. What is the tens digit of p?
1
Let x(t) = t - 7. Let n(r) = -r + 7. Let u(k) = -4*n(k) - 5*x(k). What is the units digit of u(0)?
7
Let c(d) = -d**3 + 2*d**2 + 5*d - 4. Let t be c(3). Suppose -5*g - 2*u + 3 = 7, g = -t*u - 4. Suppose 0 = -g*k + 2*k - 18. What is the units digit of k?
9
Let n(c) = -c**3 + 8*c**2 + 22*c + 3. What is the units digit of n(9)?
0
Let y(k) = 4*k - 10. Let z(p) = -11*p + 29. Let x(o) = 8*y(o) + 3*z(o). Let u(d) = d - 8. Let f(v) = -3*u(v) - 4*x(v). What is the units digit of f(9)?
5
Suppose -4*q + 89 + 147 = 0. What is the tens digit of q?
5
Suppose z + 3*d + 4 = -8, 5*d + 16 = -3*z. Suppose z*t + 2*t - 10 = 2*g, -2*t = -2*g - 4. What is the units digit of (6/3 - 2) + t?
2
Suppose r + 2*b = b + 9, 3*r + 5*b = 37. Let d(t) = 3*t**3 - r*t**3 + 5*t**2 - 2*t + 0*t. What is the units digit of d(4)?
8
Let o(v) = 15*v**3 - 3*v**2 + 2*v + 1. What is the units digit of o(3)?
5
Let f be 31/5 + (-3)/15. Suppose 0 = 5*n + 4 + f, 3*k + 2*n - 17 = 0. Let v = k + -4. What is the units digit of v?
3
Let g = -20 + 35. Suppose 2*z - z - g = -a, 2*a + 50 = 3*z. What is the units digit of z?
6
Let z(k) = 4*k**3 - k*